et g be r(108). What is s(g)?
16
Let q(s) = -7*s**2 - 29*s - 16. Let u(r) = 2*r**2 + 6*r - 1. Let k(j) = -q(j) - 3*u(j). Give k(-7).
-9
Let g(c) = -c**2 - 8*c + 3. Let j(i) = i**3 - 5*i**2 - 25*i + 9. Let n be j(7). Let t = -76 - n. What is g(t)?
3
Let a(y) be the third derivative of -y**4/12 + 7*y**3/6 + y**2 + 3*y + 52. Suppose -5*t = -3*t - 14. Give a(t).
-7
Let q(j) = j**2 - 16*j + 6. Let y = 6217 - 6208. What is q(y)?
-57
Let n(r) = r**2 - 23*r - 45. Let f = -7072 + 7070. Determine n(f).
5
Let z(h) = h**2 + 2*h - 14. Let f be -1 - (-1 - -21)/2 - -1. What is z(f)?
66
Let j(h) be the first derivative of 1/2*h**2 + 0*h + 771. Suppose -c + 9 = 2. Give j(c).
7
Let q(u) be the second derivative of -1/2*u**2 + 1/2*u**3 + 72*u + 0. Calculate q(-1).
-4
Suppose 8*h = -h - h. Let i(x) = x + x**3 + 7*x**2 + 0*x**3 + 7 + h - 1. Calculate i(-7).
-1
Let c(y) = y**2 + 30*y + 56. Let x = 4979 + -5007. Calculate c(x).
0
Let l(v) be the first derivative of v**4/2 + v**3/6 - 88*v + 9. Let j(s) be the first derivative of l(s). Determine j(-1).
5
Let w(h) = h**3 - 8*h**2 - 14*h + 28. Let i(p) = -65*p - 7336. Let d be i(-113). Give w(d).
-17
Let y(i) = -44*i + 1318. Let n be y(30). Let w(f) = -f**3 - 4*f**2 + f + 1. Calculate w(n).
-9
Let v(w) = -3*w - 206 + 105 + 92. Let j(d) = -d**3 + 4*d**2 + 6*d - 3. Let l be j(5). Suppose s = -5*p + 3, -2*s + 0*p = -l*p + 18. Determine v(s).
12
Let v = 24898 + -24891. Let c(m) = 13*m - 96. Calculate c(v).
-5
Let l(k) = 30*k - 12. Let g(x) = -209*x - 212. Let u be g(-1). Determine l(u).
-102
Suppose -61*o = -66*o + 30. Let j be (o/(-4))/((-13)/(-26)). Let p(y) = -y**3 - 5*y**2 - 5*y - 3. Give p(j).
-6
Suppose 13 = -4*z + 5*u, -3*z - 22 - 8 = 3*u. Let m(p) = -3*p - 44. What is m(z)?
-23
Let d(f) = -3*f - 5. Let p(w) = -4*w - 6. Let m(l) = 6*d(l) - 4*p(l). Suppose 2*s - 24 = 4*i, -4*i - 10*s + 7*s = 4. Calculate m(i).
2
Let n(d) = -5*d**2 - 8. Let k(w) = 14*w**2 + w + 23. Let q(c) = -6*k(c) - 17*n(c). Let s be (0 - 4)*19413/(-8628). Calculate q(s).
25
Let t(j) = -j**3 + j**2 + j - 7. Suppose 3*x - 112 = 137. Let k = x + -81. Suppose 3*q = -k*q + 5*c + 10, -5*c - 10 = 2*q. Give t(q).
-7
Let j(k) = 14*k - 25. Suppose -3*r + 12 = 45*c - 48*c, -r + 29 = 4*c. Calculate j(c).
45
Let h(b) be the first derivative of b**3/3 + 11*b**2/2 - 5*b - 1787. What is h(0)?
-5
Let h(g) = 11*g**2 + 57*g + 19. Let v(m) = -6*m**2 - 30*m - 9. Let u(l) = 5*h(l) + 9*v(l). Give u(-13).
-12
Let y(o) = -4206*o**3 + 4417*o**3 - 210*o**3 + o - 3 + o**2. Suppose 2 + 9 = m + 3*b, 0 = 5*m - b - 7. Suppose m*w = 3*w. Give y(w).
-3
Let h(c) = c**2 + 17*c + 37. Let s be h(-3). Let o(b) = -4*b**2 - 8*b - 6. Give o(s).
-66
Let a(o) = -o**2 + 19*o + 119. Let c be a(24). Let w(q) be the second derivative of -q**4/4 + 16*q + 3. Give w(c).
-3
Suppose -27*f - 133 = 731. Let z be 36/96 - (-108)/f. Let k(c) = -c - 2. What is k(z)?
1
Let z(p) = 6*p + 6. Let o(v) = 5*v + 6. Let t(u) = -7*o(u) + 6*z(u). Suppose -4*j + 23 = 3*a, 13*a - 10*a = -9. What is t(j)?
2
Let x(t) = -t + 3. Suppose f - 8 - 2 = 0. Suppose -16 = 2*o + 5*q - 2, -o - 4*q = f. Let s be 3/(1 + o) - -7. Calculate x(s).
-1
Let i(g) = 158*g - 57. Let y(c) = 73*c - 26. Let a(n) = 6*i(n) - 13*y(n). Let k = 6 + -7. Let b = k - -4. Determine a(b).
-7
Let i(n) = 2*n**3 + 550*n - 1 - 266*n - 3*n**3 - 289*n - 5*n**2. Give i(-2).
-3
Let i = -115 + 119. Let b(m) = -m**2 + 8*m - 14. What is b(i)?
2
Let v(u) = 39*u**2 - 24*u - 7. Let h(c) = 11*c**2 - 7*c - 2. Let n(a) = -7*h(a) + 2*v(a). Determine n(1).
2
Let p(v) = v**3 + 7*v**2 + 9*v + 4. Suppose 0 = 5*k - 75 - 5. Suppose -6 = 3*d, -3*d - 1 = -h - k. Let l = -27 - h. Calculate p(l).
-14
Suppose 171 = 2*i + 4*a + 197, -2*a = 10. Let c(j) be the first derivative of j**4/4 + j**3 - j**2 + 3*j - 1. Give c(i).
9
Let m(n) = 6*n - 130 + 0*n - 10*n - 2*n + 129. What is m(-3)?
17
Let x(v) = 195*v**2 + 91*v**2 - 299*v**2. What is x(-1)?
-13
Let z(v) = -2*v - 4. Let y(u) = -u**3 - 24*u**2 + 3*u + 34. Let r be y(-24). Let n = -36 - r. Suppose 5*k - 30 = -5*m, -3 + 0 = -3*k + n*m. What is z(k)?
-10
Let a(v) = v**2 + 7*v. Let l(n) = 4*n**2 + 16*n + 12. Let o(y) = a(y) - l(y). What is o(-2)?
-6
Let r(g) = -10*g - 9. Let l(h) = 4*h + 4. Let a(m) = 7*l(m) + 2*r(m). What is a(-2)?
-6
Let i(o) = -o**2 - o. Let r(b) = 11*b**2 + 2*b - 26*b**2 + 5 - 14*b**2 + 11*b**2 + 11*b**2. Suppose 3*m = -17 - 1. Let c(g) = m*i(g) + r(g). Calculate c(9).
-4
Let b = -426 + 302. Let z = b + 122. Let s(g) = 2*g - 1. Let q(o) = o. Let d(x) = z*s(x) + 5*q(x). Determine d(0).
2
Let p(f) = -138*f - 1412. Let c(h) = 26*h + 281. Let u(r) = 11*c(r) + 2*p(r). Determine u(-27).
-3
Let z(h) be the second derivative of -5*h**4/12 - 2*h**3/3 + 2*h**2 + 560*h. Determine z(1).
-5
Let y = -481 + 487. Let f be 105/63 - 4*(-2)/y. Let t(q) = -3*q + 8. Calculate t(f).
-1
Let c = 14 + -1. Suppose -4*y - 33 = -c. Let j(f) = -62*f + 5 + f**2 + 0*f**2 + 0*f**2 + 68*f. Determine j(y).
0
Let u be (-1 - (-11 + 2)) + -2. Let z(i) be the second derivative of -i**3/2 + 11*i**2/2 + 141*i - 70. Give z(u).
-7
Let b(u) = -u - 6. Let x(i) = -i**2 - 19*i + 34. Let l be x(-19). Suppose 0 = 37*n - l*n. Calculate b(n).
-6
Suppose 9*m - 27*m + 126 = 0. Let c(f) = -9*f**3 + 4*f**2 - 4. Let q(y) = 16*y**3 - 9*y**2 + 9. Let n(p) = m*c(p) + 3*q(p). Determine n(-1).
15
Let q(h) be the first derivative of 2*h**3/3 - 31*h**2 + 196*h - 7954. Calculate q(27).
-20
Let q(y) = -12*y + 104 - 281 + 108. Give q(-10).
51
Let g = -2 - -6. Let d(h) = -2*h**3 + h**2 + 4*h. Let v(w) = -7*w - 12*w - 14*w + 25*w + 3*w**3. Let u(x) = 5*d(x) + 3*v(x). What is u(g)?
0
Let v(k) = -2 + 2*k**2 + k**2 - 17*k**2 + 4*k**2 + 6*k**2. Let i = -17 - -15. Determine v(i).
-18
Let b(g) = 328*g**2 + g + 3. Let w(t) = -197*t**2 - t - 2. Let n(d) = 3*b(d) + 5*w(d). Let z = -15 + 9. Calculate n(z).
-25
Let n(q) = -157*q**3 - q - 155*q**3 + 9 - 6*q**2 - q + 465*q**3 - 152*q**3. Let v = 19 + -17. Let c be ((-3)/4)/(v/(-16)). What is n(c)?
-3
Let k(v) = -26*v + 8. Let i(b) = 2*b - 2. Let s(x) = 12*i(x) + k(x). Give s(-6).
-4
Let y(q) = 10*q**3 + 4*q**2 + q - 8. Let r(k) = -20*k**3 - 6*k**2 - 2*k + 12. Let n(o) = -2*r(o) - 3*y(o). Calculate n(-1).
-11
Let w be 4 + -2 + -4 + 3/6*-46. Let d(c) = -c**3 - 26*c**2 - 35*c - 261. Give d(w).
-11
Let q(o) = o**3 + 6*o**2 + 10*o - 1. Suppose 0 = -3*x - 2*v + 278, 0*x + v + 275 = 3*x. Let i = 89 - x. Let j be q(i). Let a(y) = -y**2 - y + 9. Give a(j).
-3
Suppose -141 = 4*y + t - 424, 2*y - 5*t = 125. Let c = 100 - y. Let m = -37 + c. Let v(i) = i**2 + 7*i - 10. Determine v(m).
-10
Let p(y) = y**3 - 24*y**2 + 9*y - 219. Let c be p(24). Let g(s) = s**3 - 6*s**2 - 3*s - 2. Give g(c).
-74
Let k(q) = 3*q**3 + 2*q**2 + 12. Let i(m) = -3*m**2 + m. Let h(a) = 5*i(a) - k(a). Determine h(-6).
-6
Let y = -106 + -70. Let m = 177 + y. Let x(g) be the second derivative of g**5/5 + g**3/6 + 2*g. Determine x(m).
5
Suppose 644*q - 649*q + 5*w = 15, -4*q + 5*w = 20. Let b(z) = 9*z - 3 - z**3 - 3 - 3*z + 4*z**2. Calculate b(q).
-1
Let u(c) = c**2 + 20*c - 34. Suppose 0 = 27934*y - 27948*y - 294. What is u(y)?
-13
Let y = 11 - 7. Let d(r) = -10*r**2 - 110953 + 110958 + 9*r**2 + r**3 - 7*r. Calculate d(y).
25
Suppose 2*z - v + 9 = 0, 4*z - 2*v + 3*v + 3 = 0. Let x(h) = 2*h - 26. Let u(w) = w - 23. Let i(a) = z*x(a) + 3*u(a). Determine i(-18).
1
Let q(v) = -v**2 - 38*v - 75. Let u(g) = 2*g**2 - 448*g - 6198. Let w be u(-13). Give q(w).
-3
Suppose 0 = 16*t - 4711 + 727. Let i = -260 + t. Let x(b) = -b**3 - 12*b**2 - 7*b + 3. Give x(i).
-41
Let j(z) = -5*z + 61. Let l be ((-8)/6)/(1 + (-1073)/957). Calculate j(l).
6
Let l(g) = -5954*g - 5953*g + 8 + 11901*g - 1. Determine l(-3).
25
Let w(s) = 25*s + 23. Let u(f) = 9*f + 8. Suppose 3*r = -0*r - 33. Let z(j) = r*u(j) + 4*w(j). What is z(5)?
9
Let d(l) = l**3 - 4*l + 2. Let r = 85 + -77. Let t be r/(-6)*-3*(-12)/(-16). Let o be ((-6)/t*-1 + -3)*-3. Calculate d(o).
17
Let p(n) = 18*n + 156. Let s = -16761 + 16752. Give p(s).
-6
Let l(b) be the first derivative of -11*b**3/3 + 5*b**2/2 - 6*b - 2. Let k(r) = 10 + r + 0 - 3 - 6 - 2. Let h(y) = -6*k(y) + l(y). Give h(-1).
-10
Let g(r) be the third derivative of r**6/144 - r**5/60 - r**4/12 - r**3/3 + 6*r**2. Let z(f) be the second derivative of g(f). Determine z(6).
28
Suppose